a multiple of 282?
False
Is 26 a factor of 355411?
False
Is 358863 a multiple of 15?
False
Does 25 divide 68825?
True
Is 13 a factor of 3235908?
True
Does 11 divide 616249?
False
Is 11 a factor of 1645133?
False
Is 1636660 a multiple of 1097?
False
Is 283671 a multiple of 129?
True
Is 293211 a multiple of 11?
False
Is 177936 a multiple of 33?
True
Is 1011161 a multiple of 9?
False
Does 135 divide 1049895?
True
Is 45 a factor of 3209580?
True
Does 11 divide 2127887?
False
Is 14 a factor of 20899591?
False
Does 378 divide 2235628?
False
Is 58 a factor of 277158?
False
Is 1561171 a multiple of 11?
False
Is 17 a factor of 722030?
False
Is 1185408 a multiple of 448?
True
Is 4473920 a multiple of 310?
True
Does 121 divide 555632?
True
Does 22 divide 7712406?
False
Is 5430 a multiple of 15?
True
Does 3 divide 1541082?
True
Does 115 divide 1119280?
False
Does 3 divide 17599?
False
Does 2 divide 2053795?
False
Is 28 a factor of 10076712?
False
Does 935 divide 7149010?
True
Is 5877058 a multiple of 11?
True
Is 2214 a factor of 24112674?
True
Does 31 divide 18046?
False
Does 7 divide 7951195?
True
Does 55 divide 3535070?
True
Does 180 divide 58800?
False
Does 18 divide 61704?
True
Is 6829362 a multiple of 558?
True
Does 56 divide 149331?
False
Is 3 a factor of 4350464?
False
Is 2306166 a multiple of 61?
True
Is 8 a factor of 16412?
False
Does 8 divide 136927?
False
Does 8 divide 1419542?
False
Is 14 a factor of 720538?
True
Is 233892 a multiple of 201?
False
Is 206409 a multiple of 194?
False
Does 226 divide 54059?
False
Is 56536 a multiple of 8?
True
Is 11 a factor of 911483?
False
Does 27 divide 113535?
True
Does 158 divide 599452?
True
Is 9 a factor of 2560422?
False
Does 13 divide 464399?
True
Does 16 divide 1074672?
True
Is 85 a factor of 78795?
True
Does 5 divide 16982?
False
Is 9 a factor of 17060007?
False
Is 273009 a multiple of 9?
False
Does 10 divide 357044?
False
Does 5 divide 1084988?
False
Is 4255159 a multiple of 48?
False
Is 413256 a multiple of 8?
True
Is 12 a factor of 3696783?
False
Is 29 a factor of 1485329?
False
Is 157 a factor of 22000?
False
Does 5 divide 305365?
True
Is 735891 a multiple of 121?
False
Is 257 a factor of 293494?
True
Does 13 divide 120796?
True
Is 8 a factor of 62103?
False
Is 149 a factor of 423756?
True
Is 29795 a multiple of 5?
True
Is 886104 a multiple of 6?
True
Is 27 a factor of 85833?
True
Is 3019148 a multiple of 118?
True
Is 19 a factor of 1732784?
False
Is 236590 a multiple of 240?
False
Is 189 a factor of 5670?
True
Does 12 divide 437592?
True
Does 359 divide 993668?
False
Is 59356 a multiple of 5?
False
Is 35577 a multiple of 2?
False
Is 39999 a multiple of 67?
True
Is 34 a factor of 836230?
True
Is 1357 a factor of 4117816?
False
Is 176 a factor of 67408?
True
Is 76393 a multiple of 10?
False
Is 54 a factor of 5898204?
True
Does 1184 divide 2262624?
True
Does 190 divide 14492596?
False
Is 1114984 a multiple of 26?
True
Does 28 divide 83169?
False
Is 272 a factor of 429488?
True
Is 14 a factor of 35070?
True
Does 124 divide 15004?
True
Is 70 a factor of 1389990?
True
Does 369 divide 285237?
True
Is 169308 a multiple of 18?
True
Is 174 a factor of 313026?
True
Is 365 a factor of 323509?
False
Is 115 a factor of 3284821?
False
Is 83 a factor of 86353?
False
Is 185 a factor of 985680?
True
Is 4 a factor of 88664?
True
Is 180 a factor of 527077?
False
Is 257965 even?
False
Does 34 divide 97988?
True
Is 8098118 a multiple of 497?
True
Is 140185 a multiple of 97?
False
Is 16991518 a multiple of 22?
False
Is 22933679 a multiple of 88?
False
Is 34953 a multiple of 183?
True
Does 52 divide 4761897?
False
Does 139 divide 742350?
False
Is 3 a factor of 178365?
True
Does 809 divide 408817?
False
Is 41649 a multiple of 23?
False
Is 252655 a multiple of 393?
False
Does 13 divide 4506?
False
Is 1145 a factor of 1053132?
False
Does 8 divide 8552010?
False
Is 43233 a multiple of 25?
False
Is 7165764 a multiple of 18?
True
Does 18 divide 8370324?
True
Does 149 divide 255481?
False
Is 4 a factor of 177652?
True
Is 17 a factor of 22251045?
True
Is 3651686 a multiple of 75?
False
Is 474786 a multiple of 26?
True
Is 10 a factor of 163912?
False
Is 30407 a multiple of 13?
True
Does 302 divide 481965?
False
Is 290358 a multiple of 114?
True
Is 4 a factor of 23516?
True
Is 11 a factor of 144188?
True
Does 20 divide 19740?
True
Does 44 divide 963996?
True
Does 12 divide 6031979?
False
Does 53 divide 33817?
False
Does 91 divide 12303109?
True
Does 31 divide 20894?
True
Does 106 divide 7335795?
False
Is 11631802 a multiple of 553?
True
Is 10 a factor of 1696930?
True
Is 7945442 a multiple of 12?
False
Does 187 divide 1404476?
False
Does 489 divide 613695?
True
Is 200334 a multiple of 386?
True
Is 186 a factor of 866090?
False
Is 10 a factor of 9430?
True
Does 24 divide 316411?
False
Is 106368 a multiple of 24?
True
Does 5 divide 256608?
False
Does 122 divide 2166111?
False
Does 377 divide 237279?
False
Does 76 divide 30798?
False
Does 2 divide 71077?
False
Is 29 a factor of 1542445?
False
Is 175 a factor of 84875?
True
Is 4633260 a multiple of 31?
True
Is 255 a factor of 231518?
False
Is 6973801 a multiple of 1250?
False
Is 2 a factor of 344901?
False
Is 111104 a multiple of 112?
True
Does 295 divide 2980993?
False
Is 2174763 a multiple of 186?
False
Does 81 divide 263621?
False
Is 765 a factor of 15807960?
True
Is 61615 a multiple of 84?
False
Does 16 divide 170160?
True
Is 111780 a multiple of 540?
True
Is 707 a factor of 2643300?
False
Is 8965604 a multiple of 23?
False
Is 20 a factor of 899060?
True
Is 428882 a multiple of 9?
False
Does 345 divide 18609030?
False
Is 2586015 a multiple of 15?
True
Does 114 divide 68868?
False
Is 193825 a multiple of 188?
False
Is 31085490 a multiple of 862?
False
Is 93 a factor of 373302?
True
Is 7183343 a multiple of 1026?
False
Does 17 divide 2818872?
True
Does 5 divide 1468730?
True
Is 4071704 a multiple of 56?
True
Does 13 divide 42276?
True
Does 488 divide 502228?
False
Is 15 a factor of 992760?
True
Does 132 divide 64859?
False
Does 8 divide 2377488?
True
Does 435 divide 589860?
True
Is 9800919 a multiple of 57?
False
Is 125 a factor of 415112?
False
Does 1827 divide 2071818?
True
Does 13 divide 137067?
False
Is 124 a factor of 6821928?
False
Does 3 divide 2390860?
False
Does 18 divide 2692105?
False
Does 19 divide 39032585?
False
Does 49 divide 171988?
False
Is 552987 a multiple of 27?
True
Does 16 divide 2015901?
False
Does 510 divide 544170?
True
Is 157 a factor of 1165411?
True
Is 28 a factor of 61670?
False
Is 2352854 a multiple of 3?
False
Is 105938 a multiple of 72?
False
Is 3 a factor of 27654?
True
Does 5 divide 39714?
False
Does 19 divide 3589879?
True
Is 28 a factor of 389788?
True
Is 1917379 a multiple of 108?
False
Is 58 a factor of 161223?
False
Is 4103 a multiple of 14?
False
Does 13 divide 156078?
True
Does 12 divide 72658?
False
Is 9648 a multiple of 8?
True
Does 42 divide 2793798?
True
Does 12 divide 72952?
False
Does 25 divide 181675?
True
Is 76167 a multiple of 76?
False
Is 144694 a multiple of 11?
True
Is 561794 a multiple of 136?
False
Does 12 divide 488064?
True
Does 9 divide 143494?
False
Is 197331 a multiple of 9?
False
Is 75 a factor of 5653725?
True
Is 3188234 a multiple of 15?
False
Does 152 divide 100685?
False
Does 183 divide 51242?
False
Does 967 divide 6507910?
True
Is 2271432 a multiple of 744?
True
Is 173709 a multiple of 146?
False
Is 18 a factor of 147240?
True
Is 139416 a multiple of 111?
True
Is 134367 a multiple of 47?
False
Does 714 divide 1051722?
True
Is 117585 a multiple of 25?
False
Is 5 a factor of 736320?
True
Is 7 a factor of 1342642?
True
Is 63 a factor of 351868?
False
Does 23 divide 6090561?
True
Does 123 divide 93603?
True
Is 6 a factor of 2279?
False
Is 8 a factor of 1188104?
True
Is 2103840 a multiple of 18?
True
Does 10 divide 121200?
True
Is 47895 a multiple of 155?
True
Is 103368 a multiple of 24?
True
Does 593 divide 996771?
False
Is 8236392 a multiple of 989?
True
Is 63 a factor of 302211?
True
Is 32 a factor of 419234?
False
Is 13177230 a multiple of 1094?
True
Is 260178 a multiple of 103?
True
Is 216 a factor of 9637017?
False
Is 77827 a multiple of 45?
False
Is 7388657 a multiple of 473?
False
Is 73 a factor of 275137?
Tru